{"id":1983,"date":"2018-01-30T13:19:33","date_gmt":"2018-01-30T12:19:33","guid":{"rendered":"http:\/\/www.bucjudo.fr\/?page_id=1983"},"modified":"2025-09-25T10:22:04","modified_gmt":"2025-09-25T08:22:04","slug":"inscriptions","status":"publish","type":"page","link":"https:\/\/www.bucjudo.fr\/?page_id=1983","title":{"rendered":"Inscriptions 2025-2026"},"content":{"rendered":"\n<p class=\"has-text-align-center\">D\u00e9but des cours: <br>Mercredi 3 Septembre 2025 <br>Gymnase S Veil (haut Buc)<br><br>Portes ouvertes et inscriptions possibles les mercredis 3 et 10 septembre ainsi que les Vendredis 5 et 12 septembre aux horaires habituels des cours<\/p>\n\n\n\n<p class=\"has-text-align-center\"><strong>Le mercredi cours enfants JUDO :<\/strong><br><strong>17h-18h : Pr\u00e9 Poussins (CP, 2018-2019)<\/strong><br><strong>18h-19h : Poussins \u00e0 Minimes (2012-2017)<\/strong><br><br><strong>19h15-20h15 : Taiso Sport Sant\u00e9<\/strong><\/p>\n\n\n\n<p class=\"has-text-align-center\"><strong>Le vendredi JUDO :<\/strong><br><strong>18h15 \u2013 19h15 cours Poussins \u00e0 Minimes (2017-2012)<\/strong><br><strong>19h15 \u2013 20h45 cours Cadets Juniors et adultes (\u00e0 partir 2011)<\/strong><\/p>\n\n\n\n<p>L\u2019adh\u00e9sion pour cette saison est de 240\u20ac, comprenant : la licence, l\u2019assurance et la r\u00e9mun\u00e9ration de l\u2019enseignant.<\/p>\n\n\n\n<p>Les inscriptions peuvent se faire en ligne :<\/p>\n\n\n<div class=\"wp-block-image\">\n<figure class=\"aligncenter size-full is-resized\"><a href=\"https:\/\/www.helloasso.com\/associations\/aobuc-judo\/adhesions\/adhesion-aobuc-judo-2025-26\" target=\"_blank\" rel=\" noreferrer noopener\"><img loading=\"lazy\" decoding=\"async\" width=\"134\" height=\"52\" src=\"https:\/\/www.bucjudo.fr\/wp-content\/uploads\/2025\/09\/HelloAsso.png\" alt=\"\" class=\"wp-image-4299\" style=\"width:198px;height:auto\"\/><\/a><\/figure><\/div>\n\n\n<p><a href=\"https:\/\/www.helloasso.com\/associations\/aobuc-judo\/adhesions\/adhesion-aobuc-judo-2025-26\">https:\/\/www.helloasso.com\/associations\/aobuc-judo\/adhesions\/adhesion-aobuc-judo-2025-26<\/a><\/p>\n\n\n\n<p>Vous pouvez aussi vous inscrire : <\/p>\n\n\n\n<p>&#8211; Par Mail <a href=\"mailto:romain@bucjudo.fr\">romain@bucjudo.fr<\/a><br>&#8211; Au forum des associations du Samedi 6 Septembre, de 14h \u00e0 18h au gymnase Simone Veil.<\/p>\n\n\n\n<p>merci de vous munir :<\/p>\n\n\n\n<ul class=\"wp-block-list\">\n<li>du <a href=\"https:\/\/www.bucjudo.fr\/wp-content\/uploads\/2023\/06\/Inscription-AOBUC-JUDO.pdf\" target=\"_blank\" rel=\"noreferrer noopener\">Formulaire d&#8217;inscription<\/a> (vous pouvez aussi le renvoyer par&nbsp;<a href=\"mailto:romain@bucjudo.fr\">mail<\/a> et sauver quelques arbres \u2026 ;-),<\/li>\n\n\n\n<li>d\u2019un certificat m\u00e9dical stipulant \u00ab&nbsp;<em>la non contre indication \u00e0 la pratique du judo en comp\u00e9tition<\/em> \u00bb, <strong>ou<\/strong> un &#8220;questionnaire sant\u00e9&#8221; :\n<ul class=\"wp-block-list\">\n<li>Pour les mineurs : <a href=\"https:\/\/www.bucjudo.fr\/wp-content\/uploads\/2021\/06\/QS_mineurs.pdf\" target=\"_blank\" rel=\"noopener noreferrer\">Questionaire Sant\u00e9 Mineurs<\/a><\/li>\n\n\n\n<li>Pour les majeurs : <a href=\"https:\/\/www.bucjudo.fr\/wp-content\/uploads\/2021\/06\/QS_majeurs.pdf\" target=\"_blank\" rel=\"noopener noreferrer\">Questionnaire Sant\u00e9 Majeurs<\/a> <\/li>\n<\/ul>\n<\/li>\n\n\n\n<li>r\u00e8glement possible par ch\u00e8ques, ch\u00e8ques vacances ANCV, coupons sports, Pass sport + ou virement bancaire.<\/li>\n<\/ul>\n\n\n\n<p>Pour les cours, il vous faudra :<\/p>\n\n\n\n<ul class=\"wp-block-list\">\n<li>arriver avant l&#8217;heure du cours pour vous pr\u00e9parer \ud83d\ude09<\/li>\n\n\n\n<li>un judogi (kimono),<\/li>\n\n\n\n<li>une paire de zori, ou tongs, claquettes,&#8230;<\/li>\n\n\n\n<li>une gourde,<\/li>\n\n\n\n<li>\u00eatre de bonne humeur !<\/li>\n<\/ul>\n\n\n\n<h1 class=\"wp-block-heading\">Les r\u00e9-inscriptions<\/h1>\n\n\n<div class=\"wp-block-image\">\n<figure class=\"aligncenter size-large\"><img loading=\"lazy\" decoding=\"async\" width=\"700\" height=\"1024\" src=\"https:\/\/www.bucjudo.fr\/wp-content\/uploads\/2021\/08\/Campagne-2021-40X60CM-700x1024.jpg\" alt=\"\" class=\"wp-image-2715\" srcset=\"https:\/\/www.bucjudo.fr\/wp-content\/uploads\/2021\/08\/Campagne-2021-40X60CM-700x1024.jpg 700w, https:\/\/www.bucjudo.fr\/wp-content\/uploads\/2021\/08\/Campagne-2021-40X60CM-205x300.jpg 205w, https:\/\/www.bucjudo.fr\/wp-content\/uploads\/2021\/08\/Campagne-2021-40X60CM-768x1124.jpg 768w, https:\/\/www.bucjudo.fr\/wp-content\/uploads\/2021\/08\/Campagne-2021-40X60CM-1050x1536.jpg 1050w, https:\/\/www.bucjudo.fr\/wp-content\/uploads\/2021\/08\/Campagne-2021-40X60CM-1400x2048.jpg 1400w, https:\/\/www.bucjudo.fr\/wp-content\/uploads\/2021\/08\/Campagne-2021-40X60CM-scaled.jpg 1749w\" sizes=\"auto, (max-width: 700px) 100vw, 700px\" \/><\/figure><\/div>\n\n\n<p>Les r\u00e9inscriptions pour la saison 2025-2026 sont ouvertes !!!! Les r\u00e9inscriptions sont prioritaires jusqu&#8217;\u00e0 la fin Juin puis l&#8217;attribution des places restantes se fera par ordre d&#8217;arriv\u00e9e.<\/p>\n\n\n\n<iframe id=\"haWidget\" allowtransparency=\"true\" src=\"https:\/\/www.helloasso.com\/associations\/aobuc-judo\/adhesions\/adhesion-aobuc-judo-2025-26\/widget-bouton\" style=\"width: 100%; height: 70px; border: none;\" onload=\"window.addEventListener( 'message', e => { const dataHeight = e.data.height; const haWidgetElement = document.getElementById(&#8216;haWidget&#8217;); haWidgetElement.height = dataHeight + &#8216;px&#8217;; } )&#8221; ><\/iframe>\n","protected":false},"excerpt":{"rendered":"<p>D\u00e9but des cours: Mercredi 3 Septembre 2025 Gymnase S Veil (haut Buc) Portes ouvertes et inscriptions possibles les mercredis 3 et 10 septembre ainsi que les Vendredis 5 et 12 septembre aux horaires habituels des cours Le mercredi cours enfants JUDO :17h-18h : Pr\u00e9 Poussins (CP, 2018-2019)18h-19h : Poussins \u00e0 Minimes (2012-2017) 19h15-20h15 : Taiso&hellip;&nbsp;<a href=\"https:\/\/www.bucjudo.fr\/?page_id=1983\" rel=\"bookmark\"><span class=\"screen-reader-text\">Inscriptions 2025-2026<\/span><\/a><\/p>\n","protected":false},"author":6,"featured_media":0,"parent":238,"menu_order":0,"comment_status":"closed","ping_status":"closed","template":"","meta":{"_s2mail":"","neve_meta_sidebar":"","neve_meta_container":"","neve_meta_enable_content_width":"","neve_meta_content_width":0,"neve_meta_title_alignment":"","neve_meta_author_avatar":"","neve_post_elements_order":"","neve_meta_disable_header":"","neve_meta_disable_footer":"","neve_meta_disable_title":"","_themeisle_gutenberg_block_has_review":false,"footnotes":""},"class_list":["post-1983","page","type-page","status-publish","hentry"],"_links":{"self":[{"href":"https:\/\/www.bucjudo.fr\/index.php?rest_route=\/wp\/v2\/pages\/1983","targetHints":{"allow":["GET"]}}],"collection":[{"href":"https:\/\/www.bucjudo.fr\/index.php?rest_route=\/wp\/v2\/pages"}],"about":[{"href":"https:\/\/www.bucjudo.fr\/index.php?rest_route=\/wp\/v2\/types\/page"}],"author":[{"embeddable":true,"href":"https:\/\/www.bucjudo.fr\/index.php?rest_route=\/wp\/v2\/users\/6"}],"replies":[{"embeddable":true,"href":"https:\/\/www.bucjudo.fr\/index.php?rest_route=%2Fwp%2Fv2%2Fcomments&post=1983"}],"version-history":[{"count":63,"href":"https:\/\/www.bucjudo.fr\/index.php?rest_route=\/wp\/v2\/pages\/1983\/revisions"}],"predecessor-version":[{"id":4300,"href":"https:\/\/www.bucjudo.fr\/index.php?rest_route=\/wp\/v2\/pages\/1983\/revisions\/4300"}],"up":[{"embeddable":true,"href":"https:\/\/www.bucjudo.fr\/index.php?rest_route=\/wp\/v2\/pages\/238"}],"wp:attachment":[{"href":"https:\/\/www.bucjudo.fr\/index.php?rest_route=%2Fwp%2Fv2%2Fmedia&parent=1983"}],"curies":[{"name":"wp","href":"https:\/\/api.w.org\/{rel}","templated":true}]}}